{"id":99096,"date":"2023-09-04T17:29:14","date_gmt":"2023-09-04T17:29:14","guid":{"rendered":"https:\/\/mercadovivoagroecologia.cl\/wprod\/?post_type=product&#038;p=99096"},"modified":"2026-03-27T13:46:05","modified_gmt":"2026-03-27T13:46:05","slug":"poroto-bombero-blanco","status":"publish","type":"product","link":"https:\/\/mercadovivoagroecologia.cl\/wprod\/producto\/poroto-bombero-blanco\/","title":{"rendered":"Poroto Bombero Blanco"},"content":{"rendered":"<p>Es com\u00fanmente llamado poroto, pero es una leguminosa.<\/p>\n<p>La planta guiadora alta, muy resistente de tipo perenne, puede durar varios a\u00f1os en lugares donde no hay heladas.<\/p>\n<p>Produce vainas grandes, tableadas, de 5 a 8 cm, y cada una puede dar de 3 a 5 porotos, los cuales tienen la particularidad de poseer un hilo largo, dando al poroto una forma similar a un casco de bombero.<\/p>\n<p>Si quieren guardar semillas, deben estar atentos a la cosecha, ya que as\u00ed como otras leguminosas, este poroto es <em>dehiscente<\/em>, es decir, suelta sus semillas con una leve explosi\u00f3n de la vaina, as\u00ed suelta sus semillas y en nuevas temporadas, continua reproduci\u00e9ndose.<\/p>\n<p>Su forma de consumo mas com\u00fan es la vaina verde y el poroto granado.<\/p>\n<p>&nbsp;<\/p>\n","protected":false},"excerpt":{"rendered":"<p><strong>Nombre cient\u00edfico:<\/strong> Lablab purpureus<\/p>\n<p><strong>Familia:\u00a0<\/strong>Fabaceae<\/p>\n<p><strong>Temporada de siembra: <\/strong>Primavera<\/p>\n<p><strong>Cantidad de semillas:<\/strong> 5 semillas por sobre<\/p>\n<p>&nbsp;<\/p>\n","protected":false},"featured_media":99084,"comment_status":"closed","ping_status":"closed","template":"","meta":[],"product_brand":[],"product_cat":[104],"product_tag":[],"class_list":{"0":"post-99096","1":"product","2":"type-product","3":"status-publish","4":"has-post-thumbnail","6":"product_cat-legumbres","8":"first","9":"outofstock","10":"taxable","11":"shipping-taxable","12":"purchasable","13":"product-type-simple"},"jetpack_sharing_enabled":true,"_links":{"self":[{"href":"https:\/\/mercadovivoagroecologia.cl\/wprod\/wp-json\/wp\/v2\/product\/99096","targetHints":{"allow":["GET"]}}],"collection":[{"href":"https:\/\/mercadovivoagroecologia.cl\/wprod\/wp-json\/wp\/v2\/product"}],"about":[{"href":"https:\/\/mercadovivoagroecologia.cl\/wprod\/wp-json\/wp\/v2\/types\/product"}],"replies":[{"embeddable":true,"href":"https:\/\/mercadovivoagroecologia.cl\/wprod\/wp-json\/wp\/v2\/comments?post=99096"}],"version-history":[{"count":1,"href":"https:\/\/mercadovivoagroecologia.cl\/wprod\/wp-json\/wp\/v2\/product\/99096\/revisions"}],"predecessor-version":[{"id":99097,"href":"https:\/\/mercadovivoagroecologia.cl\/wprod\/wp-json\/wp\/v2\/product\/99096\/revisions\/99097"}],"wp:featuredmedia":[{"embeddable":true,"href":"https:\/\/mercadovivoagroecologia.cl\/wprod\/wp-json\/wp\/v2\/media\/99084"}],"wp:attachment":[{"href":"https:\/\/mercadovivoagroecologia.cl\/wprod\/wp-json\/wp\/v2\/media?parent=99096"}],"wp:term":[{"taxonomy":"product_brand","embeddable":true,"href":"https:\/\/mercadovivoagroecologia.cl\/wprod\/wp-json\/wp\/v2\/product_brand?post=99096"},{"taxonomy":"product_cat","embeddable":true,"href":"https:\/\/mercadovivoagroecologia.cl\/wprod\/wp-json\/wp\/v2\/product_cat?post=99096"},{"taxonomy":"product_tag","embeddable":true,"href":"https:\/\/mercadovivoagroecologia.cl\/wprod\/wp-json\/wp\/v2\/product_tag?post=99096"}],"curies":[{"name":"wp","href":"https:\/\/api.w.org\/{rel}","templated":true}]}}