{"id":97999,"date":"2023-07-26T17:04:41","date_gmt":"2023-07-26T17:04:41","guid":{"rendered":"https:\/\/mercadovivoagroecologia.cl\/wprod\/?post_type=product&#038;p=97999"},"modified":"2026-04-10T11:46:35","modified_gmt":"2026-04-10T11:46:35","slug":"albahaca-sagrada-o-tulsi","status":"publish","type":"product","link":"https:\/\/mercadovivoagroecologia.cl\/wprod\/producto\/albahaca-sagrada-o-tulsi\/","title":{"rendered":"Semillas de Albahaca Sagrada o Tulsi"},"content":{"rendered":"<p>En India es conocida como<strong> \u201cLa Reina de las Hierbas\u201d, \u201cLa Incomparable\u201d y \u201cLa Medicina Madre de la Naturaleza\u201d.<\/strong><\/p>\n<p>Esta es una de las principales hierbas de la medicina Ayurveda, y se ha utilizado por miles de a\u00f1os como <em>Anti estr\u00e9s.<\/em><\/p>\n<p>Sus hojas pueden oler a menta, clavo, regaliz o lim\u00f3n.<\/p>\n<p>Esta maravillosa hierba tiene m\u00faltiples beneficios y usos, y ayuda en los siguientes casos:<\/p>\n<ul>\n<li>Todo tipo de estr\u00e9s: f\u00edsico, mental, emocional y qu\u00edmico-ambiental<\/li>\n<\/ul>\n<ul class=\"elementor-icon-list-items\">\n<li class=\"elementor-icon-list-item\"><i class=\"fa fa-angle-double-right\"><\/i><span class=\"elementor-icon-list-text\">Aumentar las defensas y reforzar el sistema inmune<\/span><\/li>\n<li class=\"elementor-icon-list-item\"><i class=\"fa fa-angle-double-right\"><\/i><span class=\"elementor-icon-list-text\">Infecciones bacterianas, virales y f\u00fangicas<\/span><\/li>\n<li class=\"elementor-icon-list-item\"><i class=\"fa fa-angle-double-right\"><\/i><span class=\"elementor-icon-list-text\">Depresi\u00f3n<\/span><\/li>\n<li class=\"elementor-icon-list-item\"><i class=\"fa fa-angle-double-right\"><\/i><span class=\"elementor-icon-list-text\">Resfriados y gripes<\/span><\/li>\n<li class=\"elementor-icon-list-item\"><i class=\"fa fa-angle-double-right\"><\/i><span class=\"elementor-icon-list-text\">Dolor de garganta<\/span><\/li>\n<li class=\"elementor-icon-list-item\"><i class=\"fa fa-angle-double-right\"><\/i><span class=\"elementor-icon-list-text\">Tos<\/span><\/li>\n<li class=\"elementor-icon-list-item\"><i class=\"fa fa-angle-double-right\"><\/i><span class=\"elementor-icon-list-text\">Fiebre<\/span><\/li>\n<li class=\"elementor-icon-list-item\"><i class=\"fa fa-angle-double-right\"><\/i><span class=\"elementor-icon-list-text\">Congesti\u00f3n nasal<\/span><\/li>\n<li class=\"elementor-icon-list-item\"><i class=\"fa fa-angle-double-right\"><\/i><span class=\"elementor-icon-list-text\">Bronquitis<\/span><\/li>\n<li class=\"elementor-icon-list-item\"><i class=\"fa fa-angle-double-right\"><\/i><span class=\"elementor-icon-list-text\">Asma<\/span><\/li>\n<li class=\"elementor-icon-list-item\"><i class=\"fa fa-angle-double-right\"><\/i><span class=\"elementor-icon-list-text\">Rinitis<\/span><\/li>\n<li class=\"elementor-icon-list-item\"><i class=\"fa fa-angle-double-right\"><\/i><span class=\"elementor-icon-list-text\">Eliminaci\u00f3n de toxinas<\/span><\/li>\n<li class=\"elementor-icon-list-item\"><i class=\"fa fa-angle-double-right\"><\/i><span class=\"elementor-icon-list-text\">Intoxicaci\u00f3n por metales pesados<\/span><\/li>\n<li class=\"elementor-icon-list-item\"><i class=\"fa fa-angle-double-right\"><\/i><span class=\"elementor-icon-list-text\">Infecciones urinarias<\/span><\/li>\n<li class=\"elementor-icon-list-item\"><i class=\"fa fa-angle-double-right\"><\/i><span class=\"elementor-icon-list-text\">Mejorar la digesti\u00f3n y absorci\u00f3n de nutrientes<\/span><\/li>\n<li class=\"elementor-icon-list-item\"><i class=\"fa fa-angle-double-right\"><\/i><span class=\"elementor-icon-list-text\">Aliviar los c\u00f3licos y la hinchaz\u00f3n<\/span><\/li>\n<li class=\"elementor-icon-list-item\"><i class=\"fa fa-angle-double-right\"><\/i><span class=\"elementor-icon-list-text\">Aliviar los c\u00f3licos y la hinchaz\u00f3n<\/span><\/li>\n<li class=\"elementor-icon-list-item\"><i class=\"fa fa-angle-double-right\"><\/i><span class=\"elementor-icon-list-text\">Mal aliento, \u00falceras bucales, enc\u00edas y dientes<\/span><\/li>\n<li class=\"elementor-icon-list-item\"><i class=\"fa fa-angle-double-right\"><\/i><span class=\"elementor-icon-list-text\">\u00dalceras g\u00e1stricas<\/span><\/li>\n<li class=\"elementor-icon-list-item\"><i class=\"fa fa-angle-double-right\"><\/i><span class=\"elementor-icon-list-text\">Hepatitis<\/span><\/li>\n<li class=\"elementor-icon-list-item\"><i class=\"fa fa-angle-double-right\"><\/i><span class=\"elementor-icon-list-text\">Inflamaci\u00f3n<\/span><\/li>\n<li class=\"elementor-icon-list-item\"><i class=\"fa fa-angle-double-right\"><\/i><span class=\"elementor-icon-list-text\">Artritis<\/span><\/li>\n<li class=\"elementor-icon-list-item\"><i class=\"fa fa-angle-double-right\"><\/i><span class=\"elementor-icon-list-text\">Diabetes Mellitus<\/span><\/li>\n<li class=\"elementor-icon-list-item\"><i class=\"fa fa-angle-double-right\"><\/i><span class=\"elementor-icon-list-text\">Hipertensi\u00f3n<\/span><\/li>\n<li class=\"elementor-icon-list-item\"><i class=\"fa fa-angle-double-right\"><\/i><span class=\"elementor-icon-list-text\">Colesterol alto<\/span><\/li>\n<li class=\"elementor-icon-list-item\"><i class=\"fa fa-angle-double-right\"><\/i><span class=\"elementor-icon-list-text\">Repelente de insectos<\/span><\/li>\n<\/ul>\n","protected":false},"excerpt":{"rendered":"<p><strong>Nombre Cient\u00edfico:<\/strong> Ocimum sanctum<\/p>\n<p><strong>Familia: <\/strong>Lami\u00e1ceas<\/p>\n<p><strong>Siembra: <\/strong>Primavera<\/p>\n<p><strong>Cantidad de semillas: <\/strong>0.5 gr por sobre<\/p>\n","protected":false},"featured_media":98000,"comment_status":"closed","ping_status":"closed","template":"","meta":[],"product_brand":[],"product_cat":[144],"product_tag":[],"class_list":{"0":"post-97999","1":"product","2":"type-product","3":"status-publish","4":"has-post-thumbnail","6":"product_cat-aromaticas-y-especias","8":"first","9":"instock","10":"taxable","11":"shipping-taxable","12":"purchasable","13":"product-type-simple"},"jetpack_sharing_enabled":true,"_links":{"self":[{"href":"https:\/\/mercadovivoagroecologia.cl\/wprod\/wp-json\/wp\/v2\/product\/97999","targetHints":{"allow":["GET"]}}],"collection":[{"href":"https:\/\/mercadovivoagroecologia.cl\/wprod\/wp-json\/wp\/v2\/product"}],"about":[{"href":"https:\/\/mercadovivoagroecologia.cl\/wprod\/wp-json\/wp\/v2\/types\/product"}],"replies":[{"embeddable":true,"href":"https:\/\/mercadovivoagroecologia.cl\/wprod\/wp-json\/wp\/v2\/comments?post=97999"}],"version-history":[{"count":2,"href":"https:\/\/mercadovivoagroecologia.cl\/wprod\/wp-json\/wp\/v2\/product\/97999\/revisions"}],"predecessor-version":[{"id":104489,"href":"https:\/\/mercadovivoagroecologia.cl\/wprod\/wp-json\/wp\/v2\/product\/97999\/revisions\/104489"}],"wp:featuredmedia":[{"embeddable":true,"href":"https:\/\/mercadovivoagroecologia.cl\/wprod\/wp-json\/wp\/v2\/media\/98000"}],"wp:attachment":[{"href":"https:\/\/mercadovivoagroecologia.cl\/wprod\/wp-json\/wp\/v2\/media?parent=97999"}],"wp:term":[{"taxonomy":"product_brand","embeddable":true,"href":"https:\/\/mercadovivoagroecologia.cl\/wprod\/wp-json\/wp\/v2\/product_brand?post=97999"},{"taxonomy":"product_cat","embeddable":true,"href":"https:\/\/mercadovivoagroecologia.cl\/wprod\/wp-json\/wp\/v2\/product_cat?post=97999"},{"taxonomy":"product_tag","embeddable":true,"href":"https:\/\/mercadovivoagroecologia.cl\/wprod\/wp-json\/wp\/v2\/product_tag?post=97999"}],"curies":[{"name":"wp","href":"https:\/\/api.w.org\/{rel}","templated":true}]}}