{"id":94901,"date":"2023-05-23T20:40:38","date_gmt":"2023-05-23T20:40:38","guid":{"rendered":"https:\/\/mercadovivoagroecologia.cl\/wprod\/?post_type=product&#038;p=94901"},"modified":"2026-03-27T13:51:50","modified_gmt":"2026-03-27T13:51:50","slug":"semillas-de-lupulo","status":"publish","type":"product","link":"https:\/\/mercadovivoagroecologia.cl\/wprod\/producto\/semillas-de-lupulo\/","title":{"rendered":"Semillas de L\u00fapulo"},"content":{"rendered":"<p>El L\u00fapulo es originario de Europa Central y Asia.<\/p>\n<p>La planta brota anualmente a partir de una cepa enterrada, es una enredadera muy alta y robusta, que puede crecer de 10 a 30 cm por d\u00eda, y puede llegar a alcanzar hasta 8 metros de altura.<\/p>\n<p>Tiene un rizoma que es resistente al fr\u00edo.<br \/>\nSolamente se cultivan los pies femeninos.<br \/>\nLas plantas masculinas, dan una flor blanca fina, y \u00e9sta s\u00f3lo se utilizan con fines de investigaci\u00f3n en mejoramiento gen\u00e9tico. Por el contrario, la planta femenina, es la que produce la flor tipo \u00abcono\u00bb, la cual se usa para elaborar la cerveza y produce de 1 a 3 semillas.<\/p>\n<p>&nbsp;<\/p>\n<p>&nbsp;<\/p>\n","protected":false},"excerpt":{"rendered":"<p><strong>Nombre cient\u00edfico: <\/strong>Humulus lupulus<\/p>\n<p><strong>Familia: <\/strong>Cannabaceae<\/p>\n<p><strong>Temporada de siembra:\u00a0<\/strong>Primavera<\/p>\n<p><strong>Cantidad:<\/strong> 30 semillas por sobre<\/p>\n<p>&nbsp;<\/p>\n","protected":false},"featured_media":102646,"comment_status":"closed","ping_status":"closed","template":"","meta":[],"product_brand":[],"product_cat":[109],"product_tag":[],"class_list":{"0":"post-94901","1":"product","2":"type-product","3":"status-publish","4":"has-post-thumbnail","6":"product_cat-semillas-exclusivas","8":"first","9":"instock","10":"taxable","11":"shipping-taxable","12":"purchasable","13":"product-type-simple"},"jetpack_sharing_enabled":true,"_links":{"self":[{"href":"https:\/\/mercadovivoagroecologia.cl\/wprod\/wp-json\/wp\/v2\/product\/94901","targetHints":{"allow":["GET"]}}],"collection":[{"href":"https:\/\/mercadovivoagroecologia.cl\/wprod\/wp-json\/wp\/v2\/product"}],"about":[{"href":"https:\/\/mercadovivoagroecologia.cl\/wprod\/wp-json\/wp\/v2\/types\/product"}],"replies":[{"embeddable":true,"href":"https:\/\/mercadovivoagroecologia.cl\/wprod\/wp-json\/wp\/v2\/comments?post=94901"}],"version-history":[{"count":5,"href":"https:\/\/mercadovivoagroecologia.cl\/wprod\/wp-json\/wp\/v2\/product\/94901\/revisions"}],"predecessor-version":[{"id":102654,"href":"https:\/\/mercadovivoagroecologia.cl\/wprod\/wp-json\/wp\/v2\/product\/94901\/revisions\/102654"}],"wp:featuredmedia":[{"embeddable":true,"href":"https:\/\/mercadovivoagroecologia.cl\/wprod\/wp-json\/wp\/v2\/media\/102646"}],"wp:attachment":[{"href":"https:\/\/mercadovivoagroecologia.cl\/wprod\/wp-json\/wp\/v2\/media?parent=94901"}],"wp:term":[{"taxonomy":"product_brand","embeddable":true,"href":"https:\/\/mercadovivoagroecologia.cl\/wprod\/wp-json\/wp\/v2\/product_brand?post=94901"},{"taxonomy":"product_cat","embeddable":true,"href":"https:\/\/mercadovivoagroecologia.cl\/wprod\/wp-json\/wp\/v2\/product_cat?post=94901"},{"taxonomy":"product_tag","embeddable":true,"href":"https:\/\/mercadovivoagroecologia.cl\/wprod\/wp-json\/wp\/v2\/product_tag?post=94901"}],"curies":[{"name":"wp","href":"https:\/\/api.w.org\/{rel}","templated":true}]}}