{"id":94804,"date":"2023-05-17T23:59:26","date_gmt":"2023-05-17T23:59:26","guid":{"rendered":"https:\/\/mercadovivoagroecologia.cl\/wprod\/?post_type=product&#038;p=94804"},"modified":"2026-03-27T14:04:24","modified_gmt":"2026-03-27T14:04:24","slug":"tomate-ramallet","status":"publish","type":"product","link":"https:\/\/mercadovivoagroecologia.cl\/wprod\/producto\/tomate-ramallet\/","title":{"rendered":"Tomate Ramallet"},"content":{"rendered":"<p>Variedad que es de lenta maduraci\u00f3n, por lo que podemos dejarlo colgado o guardado en alg\u00fan lugar con buenas condiciones ambientales para que termine de madurar y as\u00ed, poder disfrutar de este tomate fuera de estaci\u00f3n.<\/p>\n<p>El fruto es de un color mas p\u00e1lido que otros tomates, de color brillante, tama\u00f1o mediano, de buen sabor y carne firme.<\/p>\n<p>La planta es de crecimiento vigoroso y altamente productiva.<\/p>\n","protected":false},"excerpt":{"rendered":"<p><strong>Nombre cient\u00edfico:<\/strong>Solanum lycopersicum.<\/p>\n<p><strong>Familia:\u00a0<\/strong>Solanaceae<\/p>\n<p><strong>Temporada de siembra:\u00a0<\/strong>Primavera\/verano<\/p>\n<p><strong>Cantidad:<\/strong> 50 semillas por sobre<\/p>\n<p><strong>Otros nombres:<\/strong> Tomate Penjar.<\/p>\n","protected":false},"featured_media":94691,"comment_status":"closed","ping_status":"closed","template":"","meta":[],"product_brand":[],"product_cat":[103],"product_tag":[],"class_list":{"0":"post-94804","1":"product","2":"type-product","3":"status-publish","4":"has-post-thumbnail","6":"product_cat-tomates","8":"first","9":"instock","10":"taxable","11":"shipping-taxable","12":"purchasable","13":"product-type-simple"},"jetpack_sharing_enabled":true,"_links":{"self":[{"href":"https:\/\/mercadovivoagroecologia.cl\/wprod\/wp-json\/wp\/v2\/product\/94804","targetHints":{"allow":["GET"]}}],"collection":[{"href":"https:\/\/mercadovivoagroecologia.cl\/wprod\/wp-json\/wp\/v2\/product"}],"about":[{"href":"https:\/\/mercadovivoagroecologia.cl\/wprod\/wp-json\/wp\/v2\/types\/product"}],"replies":[{"embeddable":true,"href":"https:\/\/mercadovivoagroecologia.cl\/wprod\/wp-json\/wp\/v2\/comments?post=94804"}],"version-history":[{"count":1,"href":"https:\/\/mercadovivoagroecologia.cl\/wprod\/wp-json\/wp\/v2\/product\/94804\/revisions"}],"predecessor-version":[{"id":94805,"href":"https:\/\/mercadovivoagroecologia.cl\/wprod\/wp-json\/wp\/v2\/product\/94804\/revisions\/94805"}],"wp:featuredmedia":[{"embeddable":true,"href":"https:\/\/mercadovivoagroecologia.cl\/wprod\/wp-json\/wp\/v2\/media\/94691"}],"wp:attachment":[{"href":"https:\/\/mercadovivoagroecologia.cl\/wprod\/wp-json\/wp\/v2\/media?parent=94804"}],"wp:term":[{"taxonomy":"product_brand","embeddable":true,"href":"https:\/\/mercadovivoagroecologia.cl\/wprod\/wp-json\/wp\/v2\/product_brand?post=94804"},{"taxonomy":"product_cat","embeddable":true,"href":"https:\/\/mercadovivoagroecologia.cl\/wprod\/wp-json\/wp\/v2\/product_cat?post=94804"},{"taxonomy":"product_tag","embeddable":true,"href":"https:\/\/mercadovivoagroecologia.cl\/wprod\/wp-json\/wp\/v2\/product_tag?post=94804"}],"curies":[{"name":"wp","href":"https:\/\/api.w.org\/{rel}","templated":true}]}}