{"id":94125,"date":"2023-04-28T00:14:12","date_gmt":"2023-04-28T00:14:12","guid":{"rendered":"https:\/\/mercadovivoagroecologia.cl\/wprod\/?post_type=product&#038;p=94125"},"modified":"2025-09-12T00:07:14","modified_gmt":"2025-09-12T00:07:14","slug":"malla-antihelada-2-07-ancho-x-1-mt-lineal","status":"publish","type":"product","link":"https:\/\/mercadovivoagroecologia.cl\/wprod\/producto\/malla-antihelada-2-07-ancho-x-1-mt-lineal\/","title":{"rendered":"Malla Antihelada 2.07 ancho x 1 mt lineal"},"content":{"rendered":"<p>Es un manto t\u00e9rmico que se usa en la agricultura para proteger los cultivos de las heladas, su material (no tejido), hace que el suelo retenga calor y mantenga un microclima ideal para el crecimiento de plantas. De esta forma, podemos adelantar el crecimiento de cultivos delicados, protegiendo las plantas en tiempos fr\u00edos, tambi\u00e9n se puede prolongar la producci\u00f3n de nuestros cultivos fuera de estaci\u00f3n.<\/p>\n<p>Se puede usar en interior de invernaderos como en plantas de exterior, y no interfiere en el crecimiento de la planta, ya que es <strong>permeable, <\/strong>es decir, no impide el paso del agua, aire y luz.<\/p>\n<p>Para que esta malla haga el efecto de proteger de las heladas, no debe tocar las plantas, por lo que la forma correcta de instalaci\u00f3n, es ponerla sobre una estructura.<\/p>\n","protected":false},"excerpt":{"rendered":"<p>Esta malla Antihelada, tiene un ancho de 2.07 mt y se vende por metro lineal.<\/p>\n<p>Debe seleccionar la cantidad de metros que necesite al momento de la compra.<\/p>\n","protected":false},"featured_media":94301,"comment_status":"open","ping_status":"closed","template":"","meta":[],"product_brand":[],"product_cat":[114],"product_tag":[],"class_list":{"0":"post-94125","1":"product","2":"type-product","3":"status-publish","4":"has-post-thumbnail","6":"product_cat-insumos-para-huerto","8":"first","9":"instock","10":"taxable","11":"shipping-taxable","12":"purchasable","13":"product-type-simple"},"jetpack_sharing_enabled":true,"_links":{"self":[{"href":"https:\/\/mercadovivoagroecologia.cl\/wprod\/wp-json\/wp\/v2\/product\/94125","targetHints":{"allow":["GET"]}}],"collection":[{"href":"https:\/\/mercadovivoagroecologia.cl\/wprod\/wp-json\/wp\/v2\/product"}],"about":[{"href":"https:\/\/mercadovivoagroecologia.cl\/wprod\/wp-json\/wp\/v2\/types\/product"}],"replies":[{"embeddable":true,"href":"https:\/\/mercadovivoagroecologia.cl\/wprod\/wp-json\/wp\/v2\/comments?post=94125"}],"version-history":[{"count":6,"href":"https:\/\/mercadovivoagroecologia.cl\/wprod\/wp-json\/wp\/v2\/product\/94125\/revisions"}],"predecessor-version":[{"id":94348,"href":"https:\/\/mercadovivoagroecologia.cl\/wprod\/wp-json\/wp\/v2\/product\/94125\/revisions\/94348"}],"wp:featuredmedia":[{"embeddable":true,"href":"https:\/\/mercadovivoagroecologia.cl\/wprod\/wp-json\/wp\/v2\/media\/94301"}],"wp:attachment":[{"href":"https:\/\/mercadovivoagroecologia.cl\/wprod\/wp-json\/wp\/v2\/media?parent=94125"}],"wp:term":[{"taxonomy":"product_brand","embeddable":true,"href":"https:\/\/mercadovivoagroecologia.cl\/wprod\/wp-json\/wp\/v2\/product_brand?post=94125"},{"taxonomy":"product_cat","embeddable":true,"href":"https:\/\/mercadovivoagroecologia.cl\/wprod\/wp-json\/wp\/v2\/product_cat?post=94125"},{"taxonomy":"product_tag","embeddable":true,"href":"https:\/\/mercadovivoagroecologia.cl\/wprod\/wp-json\/wp\/v2\/product_tag?post=94125"}],"curies":[{"name":"wp","href":"https:\/\/api.w.org\/{rel}","templated":true}]}}