{"id":77254,"date":"2021-11-03T04:50:10","date_gmt":"2021-11-03T04:50:10","guid":{"rendered":"https:\/\/mercadovivoagroecologia.cl\/wprod\/?post_type=product&#038;p=77254"},"modified":"2026-02-14T16:35:29","modified_gmt":"2026-02-14T16:35:29","slug":"romero","status":"publish","type":"product","link":"https:\/\/mercadovivoagroecologia.cl\/wprod\/producto\/romero\/","title":{"rendered":"Romero"},"content":{"rendered":"<p>Elimina el COLESTEROL, es diur\u00e9tico sedante y relajante &#8211; desinflama y desintoxica el P\u00c1NCREAS &#8211; alivia s\u00edntomas de la menstruaci\u00f3n y dolores musculares &#8211; para digesti\u00f3n &#8211; anemia &#8211; artrosis &#8211; migra\u00f1as &#8211; tiene altas dosis de antioxidantes.<\/p>\n","protected":false},"excerpt":{"rendered":"<p>Elimina el COLESTEROL, es diur\u00e9tico sedante y relajante &#8211; desinflama y desintoxica el P\u00c1NCREAS &#8211; alivia s\u00edntomas de la menstruaci\u00f3n y dolores musculares &#8211; para digesti\u00f3n &#8211; anemia &#8211; artrosis &#8211; migra\u00f1as &#8211; tiene altas&hellip;<\/p>\n","protected":false},"featured_media":77255,"comment_status":"open","ping_status":"closed","template":"","meta":[],"product_brand":[],"product_cat":[146],"product_tag":[],"class_list":{"0":"post-77254","1":"product","2":"type-product","3":"status-publish","4":"has-post-thumbnail","6":"product_cat-hierbas-secas","8":"first","9":"instock","10":"taxable","11":"shipping-taxable","12":"purchasable","13":"product-type-simple"},"jetpack_sharing_enabled":true,"_links":{"self":[{"href":"https:\/\/mercadovivoagroecologia.cl\/wprod\/wp-json\/wp\/v2\/product\/77254","targetHints":{"allow":["GET"]}}],"collection":[{"href":"https:\/\/mercadovivoagroecologia.cl\/wprod\/wp-json\/wp\/v2\/product"}],"about":[{"href":"https:\/\/mercadovivoagroecologia.cl\/wprod\/wp-json\/wp\/v2\/types\/product"}],"replies":[{"embeddable":true,"href":"https:\/\/mercadovivoagroecologia.cl\/wprod\/wp-json\/wp\/v2\/comments?post=77254"}],"version-history":[{"count":2,"href":"https:\/\/mercadovivoagroecologia.cl\/wprod\/wp-json\/wp\/v2\/product\/77254\/revisions"}],"predecessor-version":[{"id":77326,"href":"https:\/\/mercadovivoagroecologia.cl\/wprod\/wp-json\/wp\/v2\/product\/77254\/revisions\/77326"}],"wp:featuredmedia":[{"embeddable":true,"href":"https:\/\/mercadovivoagroecologia.cl\/wprod\/wp-json\/wp\/v2\/media\/77255"}],"wp:attachment":[{"href":"https:\/\/mercadovivoagroecologia.cl\/wprod\/wp-json\/wp\/v2\/media?parent=77254"}],"wp:term":[{"taxonomy":"product_brand","embeddable":true,"href":"https:\/\/mercadovivoagroecologia.cl\/wprod\/wp-json\/wp\/v2\/product_brand?post=77254"},{"taxonomy":"product_cat","embeddable":true,"href":"https:\/\/mercadovivoagroecologia.cl\/wprod\/wp-json\/wp\/v2\/product_cat?post=77254"},{"taxonomy":"product_tag","embeddable":true,"href":"https:\/\/mercadovivoagroecologia.cl\/wprod\/wp-json\/wp\/v2\/product_tag?post=77254"}],"curies":[{"name":"wp","href":"https:\/\/api.w.org\/{rel}","templated":true}]}}