{"id":77243,"date":"2021-11-03T04:40:31","date_gmt":"2021-11-03T04:40:31","guid":{"rendered":"https:\/\/mercadovivoagroecologia.cl\/wprod\/?post_type=product&#038;p=77243"},"modified":"2026-02-14T16:30:12","modified_gmt":"2026-02-14T16:30:12","slug":"cardo-mariano","status":"publish","type":"product","link":"https:\/\/mercadovivoagroecologia.cl\/wprod\/producto\/cardo-mariano\/","title":{"rendered":"Cardo Mariano"},"content":{"rendered":"<p>Su componente llamado SILIMARINA, es ideal para enfermedades del H\u00edgado y de la Ves\u00edcula. Ayuda en casos de: Colesterol alto &#8211; C\u00e1lculo biliar &#8211; H\u00edgado graso &#8211; Hepatitis &#8211; Cirrosis &#8211; Cistitis &#8211; menstruaci\u00f3n abundante &#8211; DIABETES &#8211; problemas de presi\u00f3n &#8211; hemorroides &#8211; insuficiencia hep\u00e1tica.<\/p>\n","protected":false},"excerpt":{"rendered":"<p>Su componente llamado SILIMARINA, es ideal para enfermedades del H\u00edgado y de la Ves\u00edcula. Ayuda en casos de: Colesterol alto &#8211; C\u00e1lculo biliar &#8211; H\u00edgado graso &#8211; Hepatitis &#8211; Cirrosis &#8211; Cistitis &#8211; menstruaci\u00f3n abundante&hellip;<\/p>\n","protected":false},"featured_media":77244,"comment_status":"open","ping_status":"closed","template":"","meta":[],"product_brand":[],"product_cat":[146],"product_tag":[],"class_list":{"0":"post-77243","1":"product","2":"type-product","3":"status-publish","4":"has-post-thumbnail","6":"product_cat-hierbas-secas","8":"first","9":"instock","10":"taxable","11":"shipping-taxable","12":"purchasable","13":"product-type-simple"},"jetpack_sharing_enabled":true,"_links":{"self":[{"href":"https:\/\/mercadovivoagroecologia.cl\/wprod\/wp-json\/wp\/v2\/product\/77243","targetHints":{"allow":["GET"]}}],"collection":[{"href":"https:\/\/mercadovivoagroecologia.cl\/wprod\/wp-json\/wp\/v2\/product"}],"about":[{"href":"https:\/\/mercadovivoagroecologia.cl\/wprod\/wp-json\/wp\/v2\/types\/product"}],"replies":[{"embeddable":true,"href":"https:\/\/mercadovivoagroecologia.cl\/wprod\/wp-json\/wp\/v2\/comments?post=77243"}],"version-history":[{"count":2,"href":"https:\/\/mercadovivoagroecologia.cl\/wprod\/wp-json\/wp\/v2\/product\/77243\/revisions"}],"predecessor-version":[{"id":77329,"href":"https:\/\/mercadovivoagroecologia.cl\/wprod\/wp-json\/wp\/v2\/product\/77243\/revisions\/77329"}],"wp:featuredmedia":[{"embeddable":true,"href":"https:\/\/mercadovivoagroecologia.cl\/wprod\/wp-json\/wp\/v2\/media\/77244"}],"wp:attachment":[{"href":"https:\/\/mercadovivoagroecologia.cl\/wprod\/wp-json\/wp\/v2\/media?parent=77243"}],"wp:term":[{"taxonomy":"product_brand","embeddable":true,"href":"https:\/\/mercadovivoagroecologia.cl\/wprod\/wp-json\/wp\/v2\/product_brand?post=77243"},{"taxonomy":"product_cat","embeddable":true,"href":"https:\/\/mercadovivoagroecologia.cl\/wprod\/wp-json\/wp\/v2\/product_cat?post=77243"},{"taxonomy":"product_tag","embeddable":true,"href":"https:\/\/mercadovivoagroecologia.cl\/wprod\/wp-json\/wp\/v2\/product_tag?post=77243"}],"curies":[{"name":"wp","href":"https:\/\/api.w.org\/{rel}","templated":true}]}}