{"id":2264,"date":"2021-04-30T00:24:17","date_gmt":"2021-04-30T00:24:17","guid":{"rendered":"https:\/\/mercadovivoagroecologia.cl\/wprod\/producto\/import-placeholder-for-257\/"},"modified":"2026-03-27T13:39:06","modified_gmt":"2026-03-27T13:39:06","slug":"amor-en-la-niebla-nigella-damascena","status":"publish","type":"product","link":"https:\/\/mercadovivoagroecologia.cl\/wprod\/producto\/amor-en-la-niebla-nigella-damascena\/","title":{"rendered":"Nigella Damascena o Comino negro"},"content":{"rendered":"<p><i>Tambi\u00e9n<\/i><em>\u00a0se conoce como<\/em> <em>Nigela, Ara\u00f1uela, Cabellos de Venus, Amor en la niebla y Demonio en los arbustos.<\/em><\/p>\n<p>Esta planta crece bien a pleno sol, idealmente a trav\u00e9s de siembra directa al suelo. Tiende a propagarse f\u00e1cilmente gracias a sus semillas, por lo que, una vez que la tienes en tu huerto, siempre volver\u00e1 a crecer en primavera.<\/p>\n<p>De la flor, emerge un capullo lleno de semillas, las cuales son el <em><strong>\u00abComino Negro\u00bb,<\/strong><\/em> el cual a sido utilizado por miles de a\u00f1os para fabricar medicamentos, por lo que es consumo de esta semilla, es beneficioso para la salud, sobre todo la estimular el sistema inmunol\u00f3gico.<\/p>\n<p>&nbsp;<\/p>\n","protected":false},"excerpt":{"rendered":"<p><strong>Nombre Cient\u00edfico: <\/strong>Nigella damascena L.<\/p>\n<p><strong>Familia:<\/strong> Ranunculaceae<\/p>\n<p><strong>Siembra: <\/strong>Primavera<\/p>\n<p><strong>Cantidad de semillas:<\/strong> 0.5 gr.<\/p>\n","protected":false},"featured_media":91550,"comment_status":"open","ping_status":"closed","template":"","meta":[],"product_brand":[],"product_cat":[109],"product_tag":[],"class_list":{"0":"post-2264","1":"product","2":"type-product","3":"status-publish","4":"has-post-thumbnail","6":"product_cat-semillas-exclusivas","8":"first","9":"outofstock","10":"taxable","11":"shipping-taxable","12":"purchasable","13":"product-type-simple"},"jetpack_sharing_enabled":true,"_links":{"self":[{"href":"https:\/\/mercadovivoagroecologia.cl\/wprod\/wp-json\/wp\/v2\/product\/2264","targetHints":{"allow":["GET"]}}],"collection":[{"href":"https:\/\/mercadovivoagroecologia.cl\/wprod\/wp-json\/wp\/v2\/product"}],"about":[{"href":"https:\/\/mercadovivoagroecologia.cl\/wprod\/wp-json\/wp\/v2\/types\/product"}],"replies":[{"embeddable":true,"href":"https:\/\/mercadovivoagroecologia.cl\/wprod\/wp-json\/wp\/v2\/comments?post=2264"}],"version-history":[{"count":3,"href":"https:\/\/mercadovivoagroecologia.cl\/wprod\/wp-json\/wp\/v2\/product\/2264\/revisions"}],"predecessor-version":[{"id":98804,"href":"https:\/\/mercadovivoagroecologia.cl\/wprod\/wp-json\/wp\/v2\/product\/2264\/revisions\/98804"}],"wp:featuredmedia":[{"embeddable":true,"href":"https:\/\/mercadovivoagroecologia.cl\/wprod\/wp-json\/wp\/v2\/media\/91550"}],"wp:attachment":[{"href":"https:\/\/mercadovivoagroecologia.cl\/wprod\/wp-json\/wp\/v2\/media?parent=2264"}],"wp:term":[{"taxonomy":"product_brand","embeddable":true,"href":"https:\/\/mercadovivoagroecologia.cl\/wprod\/wp-json\/wp\/v2\/product_brand?post=2264"},{"taxonomy":"product_cat","embeddable":true,"href":"https:\/\/mercadovivoagroecologia.cl\/wprod\/wp-json\/wp\/v2\/product_cat?post=2264"},{"taxonomy":"product_tag","embeddable":true,"href":"https:\/\/mercadovivoagroecologia.cl\/wprod\/wp-json\/wp\/v2\/product_tag?post=2264"}],"curies":[{"name":"wp","href":"https:\/\/api.w.org\/{rel}","templated":true}]}}