{"id":117270,"date":"2025-12-17T13:43:09","date_gmt":"2025-12-17T13:43:09","guid":{"rendered":"https:\/\/mercadovivoagroecologia.cl\/wprod\/?post_type=product&#038;p=117270"},"modified":"2025-12-17T13:47:10","modified_gmt":"2025-12-17T13:47:10","slug":"pesebre-grande-de-vellon-modelo-2","status":"publish","type":"product","link":"https:\/\/mercadovivoagroecologia.cl\/wprod\/producto\/pesebre-grande-de-vellon-modelo-2\/","title":{"rendered":"Pesebre grande de Vell\u00f3n modelo 2"},"content":{"rendered":"","protected":false},"excerpt":{"rendered":"<p>&#x1f338; Material Vell\u00f3n.<br \/>\n&#x1f338; Sin costuras.<br \/>\n&#x1f338; Altura: 20 cm<\/p>\n<p>&#x1f338; Incluye: 1 Mar\u00eda + 1 Jos\u00e9 + 1 ni\u00f1o Jes\u00fas + 1 oveja + burrito.<\/p>\n<p>&#x2705;&#xfe0f; Este modelo se puede personalizar incluyendo mas animales o los reyes magos. &#x1f9f6;<\/p>\n","protected":false},"featured_media":117276,"comment_status":"closed","ping_status":"closed","template":"","meta":[],"product_brand":[],"product_cat":[158],"product_tag":[],"class_list":{"0":"post-117270","1":"product","2":"type-product","3":"status-publish","4":"has-post-thumbnail","6":"product_cat-pesebres-de-vellon","8":"first","9":"instock","10":"taxable","11":"shipping-taxable","12":"purchasable","13":"product-type-simple"},"jetpack_sharing_enabled":true,"_links":{"self":[{"href":"https:\/\/mercadovivoagroecologia.cl\/wprod\/wp-json\/wp\/v2\/product\/117270","targetHints":{"allow":["GET"]}}],"collection":[{"href":"https:\/\/mercadovivoagroecologia.cl\/wprod\/wp-json\/wp\/v2\/product"}],"about":[{"href":"https:\/\/mercadovivoagroecologia.cl\/wprod\/wp-json\/wp\/v2\/types\/product"}],"replies":[{"embeddable":true,"href":"https:\/\/mercadovivoagroecologia.cl\/wprod\/wp-json\/wp\/v2\/comments?post=117270"}],"version-history":[{"count":1,"href":"https:\/\/mercadovivoagroecologia.cl\/wprod\/wp-json\/wp\/v2\/product\/117270\/revisions"}],"predecessor-version":[{"id":117283,"href":"https:\/\/mercadovivoagroecologia.cl\/wprod\/wp-json\/wp\/v2\/product\/117270\/revisions\/117283"}],"wp:featuredmedia":[{"embeddable":true,"href":"https:\/\/mercadovivoagroecologia.cl\/wprod\/wp-json\/wp\/v2\/media\/117276"}],"wp:attachment":[{"href":"https:\/\/mercadovivoagroecologia.cl\/wprod\/wp-json\/wp\/v2\/media?parent=117270"}],"wp:term":[{"taxonomy":"product_brand","embeddable":true,"href":"https:\/\/mercadovivoagroecologia.cl\/wprod\/wp-json\/wp\/v2\/product_brand?post=117270"},{"taxonomy":"product_cat","embeddable":true,"href":"https:\/\/mercadovivoagroecologia.cl\/wprod\/wp-json\/wp\/v2\/product_cat?post=117270"},{"taxonomy":"product_tag","embeddable":true,"href":"https:\/\/mercadovivoagroecologia.cl\/wprod\/wp-json\/wp\/v2\/product_tag?post=117270"}],"curies":[{"name":"wp","href":"https:\/\/api.w.org\/{rel}","templated":true}]}}