{"id":109679,"date":"2025-07-09T15:06:52","date_gmt":"2025-07-09T15:06:52","guid":{"rendered":"https:\/\/mercadovivoagroecologia.cl\/wprod\/?post_type=product&#038;p=109679"},"modified":"2026-03-27T13:24:44","modified_gmt":"2026-03-27T13:24:44","slug":"aji-golden-nugget-fp","status":"publish","type":"product","link":"https:\/\/mercadovivoagroecologia.cl\/wprod\/producto\/aji-golden-nugget-fp\/","title":{"rendered":"Aj\u00ed Golden Nugget FP"},"content":{"rendered":"<p>Es un tipo de aj\u00ed con fines ornamentales y comestibles. <\/p>\n<p>El fruto es de tama\u00f1o peque\u00f1o, con m\u00faltiples colores durante la maduraci\u00f3n, hasta terminar en el color oro con tonos morados y piel levemente arrugada.<\/p>\n<p>Su sabor es afrutado con picante medio, y se puede comer fresco y seco, de \u00e9sta ultima forma, se deja el as\u00ed secar, se muele y queda un exquisito sazonador de comidas.<\/p>\n<p>La planta es mediana, puede crecer bien el suelo y macetas. Es altamente productiva y posee la caracter\u00edstica de tener sus hojas variegadas color verde y blanco.  <\/p>\n","protected":false},"excerpt":{"rendered":"<p><strong>Nombre Cient\u00edfico<\/strong>: Capsicum\u00a0annuum<\/p>\n<p><strong>Familia:<\/strong> Solanaceae<\/p>\n<p><strong>Siembra:<\/strong> Primavera<\/p>\n<p><strong>Cantidad:<\/strong> 5 semillas por sobre<\/p>\n<p><strong>Escala de Scoville: <\/strong>35.000 &#8211; 50.000 SHU<\/p>\n<p>&nbsp;<\/p>\n","protected":false},"featured_media":109667,"comment_status":"open","ping_status":"closed","template":"","meta":[],"product_brand":[],"product_cat":[155],"product_tag":[],"class_list":{"0":"post-109679","1":"product","2":"type-product","3":"status-publish","4":"has-post-thumbnail","6":"product_cat-sobres-en-formato-economico","8":"first","9":"instock","10":"taxable","11":"shipping-taxable","12":"purchasable","13":"product-type-simple"},"jetpack_sharing_enabled":true,"_links":{"self":[{"href":"https:\/\/mercadovivoagroecologia.cl\/wprod\/wp-json\/wp\/v2\/product\/109679","targetHints":{"allow":["GET"]}}],"collection":[{"href":"https:\/\/mercadovivoagroecologia.cl\/wprod\/wp-json\/wp\/v2\/product"}],"about":[{"href":"https:\/\/mercadovivoagroecologia.cl\/wprod\/wp-json\/wp\/v2\/types\/product"}],"replies":[{"embeddable":true,"href":"https:\/\/mercadovivoagroecologia.cl\/wprod\/wp-json\/wp\/v2\/comments?post=109679"}],"version-history":[{"count":1,"href":"https:\/\/mercadovivoagroecologia.cl\/wprod\/wp-json\/wp\/v2\/product\/109679\/revisions"}],"predecessor-version":[{"id":109682,"href":"https:\/\/mercadovivoagroecologia.cl\/wprod\/wp-json\/wp\/v2\/product\/109679\/revisions\/109682"}],"wp:featuredmedia":[{"embeddable":true,"href":"https:\/\/mercadovivoagroecologia.cl\/wprod\/wp-json\/wp\/v2\/media\/109667"}],"wp:attachment":[{"href":"https:\/\/mercadovivoagroecologia.cl\/wprod\/wp-json\/wp\/v2\/media?parent=109679"}],"wp:term":[{"taxonomy":"product_brand","embeddable":true,"href":"https:\/\/mercadovivoagroecologia.cl\/wprod\/wp-json\/wp\/v2\/product_brand?post=109679"},{"taxonomy":"product_cat","embeddable":true,"href":"https:\/\/mercadovivoagroecologia.cl\/wprod\/wp-json\/wp\/v2\/product_cat?post=109679"},{"taxonomy":"product_tag","embeddable":true,"href":"https:\/\/mercadovivoagroecologia.cl\/wprod\/wp-json\/wp\/v2\/product_tag?post=109679"}],"curies":[{"name":"wp","href":"https:\/\/api.w.org\/{rel}","templated":true}]}}