{"id":109599,"date":"2025-07-03T15:22:34","date_gmt":"2025-07-03T15:22:34","guid":{"rendered":"https:\/\/mercadovivoagroecologia.cl\/wprod\/?post_type=product&#038;p=109599"},"modified":"2026-03-27T13:51:52","modified_gmt":"2026-03-27T13:51:52","slug":"semillas-de-romero-rastrero-fp","status":"publish","type":"product","link":"https:\/\/mercadovivoagroecologia.cl\/wprod\/producto\/semillas-de-romero-rastrero-fp\/","title":{"rendered":"Semillas de Romero Rastrero FP"},"content":{"rendered":"<p>Este Romero tiene la caracter\u00edstica de hacer crecer sus ramas de manera horizontal, cubriendo el suelo. <\/p>\n<p>La planta es perenne, de hojas mas peque\u00f1as que el Romero com\u00fan, pero igual de arom\u00e1tica y con los mismos usos medicinales. <\/p>\n<p>Crece bien a pleno sol, requiere poca agua y no tiene grandes exigencias de suelo. <\/p>\n","protected":false},"excerpt":{"rendered":"<p><strong>Nombre Cient\u00edfico:<\/strong>Rosmarinus officinalis &#8216;Prostratus&#8217; o Salvia rosmarinus &#8216;Prostratus&#8217;<br \/>\n<strong>Familia: <\/strong>Lamiaceae.<br \/>\n<strong>Siembra:<\/strong> Oto\u00f1o (clima c\u00e1lido), y Primavera (zonas m\u00e1s fr\u00edas)<br \/>\n<strong>Cantidad:<\/strong> 0.1 gr por sobre.<\/p>\n","protected":false},"featured_media":109596,"comment_status":"open","ping_status":"closed","template":"","meta":[],"product_brand":[],"product_cat":[155],"product_tag":[],"class_list":{"0":"post-109599","1":"product","2":"type-product","3":"status-publish","4":"has-post-thumbnail","6":"product_cat-sobres-en-formato-economico","8":"first","9":"instock","10":"taxable","11":"shipping-taxable","12":"purchasable","13":"product-type-simple"},"jetpack_sharing_enabled":true,"_links":{"self":[{"href":"https:\/\/mercadovivoagroecologia.cl\/wprod\/wp-json\/wp\/v2\/product\/109599","targetHints":{"allow":["GET"]}}],"collection":[{"href":"https:\/\/mercadovivoagroecologia.cl\/wprod\/wp-json\/wp\/v2\/product"}],"about":[{"href":"https:\/\/mercadovivoagroecologia.cl\/wprod\/wp-json\/wp\/v2\/types\/product"}],"replies":[{"embeddable":true,"href":"https:\/\/mercadovivoagroecologia.cl\/wprod\/wp-json\/wp\/v2\/comments?post=109599"}],"version-history":[{"count":1,"href":"https:\/\/mercadovivoagroecologia.cl\/wprod\/wp-json\/wp\/v2\/product\/109599\/revisions"}],"predecessor-version":[{"id":109605,"href":"https:\/\/mercadovivoagroecologia.cl\/wprod\/wp-json\/wp\/v2\/product\/109599\/revisions\/109605"}],"wp:featuredmedia":[{"embeddable":true,"href":"https:\/\/mercadovivoagroecologia.cl\/wprod\/wp-json\/wp\/v2\/media\/109596"}],"wp:attachment":[{"href":"https:\/\/mercadovivoagroecologia.cl\/wprod\/wp-json\/wp\/v2\/media?parent=109599"}],"wp:term":[{"taxonomy":"product_brand","embeddable":true,"href":"https:\/\/mercadovivoagroecologia.cl\/wprod\/wp-json\/wp\/v2\/product_brand?post=109599"},{"taxonomy":"product_cat","embeddable":true,"href":"https:\/\/mercadovivoagroecologia.cl\/wprod\/wp-json\/wp\/v2\/product_cat?post=109599"},{"taxonomy":"product_tag","embeddable":true,"href":"https:\/\/mercadovivoagroecologia.cl\/wprod\/wp-json\/wp\/v2\/product_tag?post=109599"}],"curies":[{"name":"wp","href":"https:\/\/api.w.org\/{rel}","templated":true}]}}