{"id":103626,"date":"2025-04-19T05:35:27","date_gmt":"2025-04-19T05:35:27","guid":{"rendered":"https:\/\/mercadovivoagroecologia.cl\/wprod\/?post_type=product&#038;p=103626"},"modified":"2026-03-31T14:18:15","modified_gmt":"2026-03-31T14:18:15","slug":"rabano-sardo-gigante","status":"publish","type":"product","link":"https:\/\/mercadovivoagroecologia.cl\/wprod\/producto\/rabano-sardo-gigante\/","title":{"rendered":"R\u00e1bano Sardo gigante"},"content":{"rendered":"<p>Este r\u00e1bano destaca por su forma esf\u00e9rica perfecta y un color rojo intenso.<\/p>\n<p>Es muy arom\u00e1tico, crujiente, y como su nombre lo dice, es de tama\u00f1o muy grande.<\/p>\n<p>Esta variedad de r\u00e1bano, puede sembrarse en verano a pleno sol, ya que es resistente y su ra\u00edz no tiende a ahuecarse.<\/p>\n<p>Se cosecha desde los 45 a 50 d\u00edas desde la siembra.<\/p>\n","protected":false},"excerpt":{"rendered":"<p><strong>Nombre cient\u00edfico:<\/strong>\u00a0Raphanus sativus<\/p>\n<p><strong>Familia:\u00a0<\/strong>Brassicaceae<\/p>\n<p><strong>Temporada de siembra:\u00a0<\/strong>Todo el a\u00f1o<\/p>\n<p><strong>Cantidad:<\/strong>\u00a00.5 gr por sobre.<\/p>\n","protected":false},"featured_media":103629,"comment_status":"closed","ping_status":"closed","template":"","meta":[],"product_brand":[],"product_cat":[163],"product_tag":[],"class_list":{"0":"post-103626","1":"product","2":"type-product","3":"status-publish","4":"has-post-thumbnail","6":"product_cat-rabanos","8":"first","9":"instock","10":"taxable","11":"shipping-taxable","12":"purchasable","13":"product-type-simple"},"jetpack_sharing_enabled":true,"_links":{"self":[{"href":"https:\/\/mercadovivoagroecologia.cl\/wprod\/wp-json\/wp\/v2\/product\/103626","targetHints":{"allow":["GET"]}}],"collection":[{"href":"https:\/\/mercadovivoagroecologia.cl\/wprod\/wp-json\/wp\/v2\/product"}],"about":[{"href":"https:\/\/mercadovivoagroecologia.cl\/wprod\/wp-json\/wp\/v2\/types\/product"}],"replies":[{"embeddable":true,"href":"https:\/\/mercadovivoagroecologia.cl\/wprod\/wp-json\/wp\/v2\/comments?post=103626"}],"version-history":[{"count":1,"href":"https:\/\/mercadovivoagroecologia.cl\/wprod\/wp-json\/wp\/v2\/product\/103626\/revisions"}],"predecessor-version":[{"id":103635,"href":"https:\/\/mercadovivoagroecologia.cl\/wprod\/wp-json\/wp\/v2\/product\/103626\/revisions\/103635"}],"wp:featuredmedia":[{"embeddable":true,"href":"https:\/\/mercadovivoagroecologia.cl\/wprod\/wp-json\/wp\/v2\/media\/103629"}],"wp:attachment":[{"href":"https:\/\/mercadovivoagroecologia.cl\/wprod\/wp-json\/wp\/v2\/media?parent=103626"}],"wp:term":[{"taxonomy":"product_brand","embeddable":true,"href":"https:\/\/mercadovivoagroecologia.cl\/wprod\/wp-json\/wp\/v2\/product_brand?post=103626"},{"taxonomy":"product_cat","embeddable":true,"href":"https:\/\/mercadovivoagroecologia.cl\/wprod\/wp-json\/wp\/v2\/product_cat?post=103626"},{"taxonomy":"product_tag","embeddable":true,"href":"https:\/\/mercadovivoagroecologia.cl\/wprod\/wp-json\/wp\/v2\/product_tag?post=103626"}],"curies":[{"name":"wp","href":"https:\/\/api.w.org\/{rel}","templated":true}]}}