{"id":103477,"date":"2025-04-16T17:19:40","date_gmt":"2025-04-16T17:19:40","guid":{"rendered":"https:\/\/mercadovivoagroecologia.cl\/wprod\/?post_type=product&#038;p=103477"},"modified":"2026-03-31T14:18:16","modified_gmt":"2026-03-31T14:18:16","slug":"agerato-o-damasquino-fp","status":"publish","type":"product","link":"https:\/\/mercadovivoagroecologia.cl\/wprod\/producto\/agerato-o-damasquino-fp\/","title":{"rendered":"Ag\u00e9rato o Damasquino FP"},"content":{"rendered":"<p>Originaria de M\u00e9xico, Centroam\u00e9rica y del Caribe<\/p>\n<p>Planta perenne, tiene un tallo recto y erguido que llega a crecer hasta 50 cm y produce unas hermosas flores pomposas en variados tonos que van desde el azul al rosa.<\/p>\n<p>Puede ser sembrada a pleno sol y a semi sombra, no requiere suelos exigentes, solo riego abundante.<\/p>\n<p>Para tener mayor cantidad de flores, se recomienda podar las flores y ramas secas.<\/p>\n<p>Es una planta mel\u00edfera, es decir, atrae a muchos polinizadores, por lo que es muy bueno tenerla en tu huerto.<\/p>\n<p>Tambi\u00e9n se le atribuyen propiedades medicinales, tales como reducir la fiebre, para eliminar toxinas, como antimicrobiano, antioxidante, antidiab\u00e9tico e\u00a0insecticida.<\/p>\n","protected":false},"excerpt":{"rendered":"<p><span class=\"w8qArf\"><strong>Nombre cient\u00edfico:<\/strong> Ageratum houstonianum<\/span><\/p>\n<p><strong>Familia: <\/strong>Asteraceae<\/p>\n<p><strong>Siembra:<\/strong> Primavera<\/p>\n<p><strong>Cantidad:<\/strong> 0.1 gr por sobre.<\/p>\n<p><strong>Nombre com\u00fan:<\/strong>\u00a0Agerato celestino, agerato mexicano, damasquino, hierba de perro, flor de garrapata, hierba del zopilote, sereno, pincel, mejorana.<\/p>\n<p>&nbsp;<\/p>\n","protected":false},"featured_media":98470,"comment_status":"open","ping_status":"closed","template":"","meta":[],"product_brand":[],"product_cat":[155],"product_tag":[],"class_list":{"0":"post-103477","1":"product","2":"type-product","3":"status-publish","4":"has-post-thumbnail","6":"product_cat-sobres-en-formato-economico","8":"first","9":"instock","10":"taxable","11":"shipping-taxable","12":"purchasable","13":"product-type-simple"},"jetpack_sharing_enabled":true,"_links":{"self":[{"href":"https:\/\/mercadovivoagroecologia.cl\/wprod\/wp-json\/wp\/v2\/product\/103477","targetHints":{"allow":["GET"]}}],"collection":[{"href":"https:\/\/mercadovivoagroecologia.cl\/wprod\/wp-json\/wp\/v2\/product"}],"about":[{"href":"https:\/\/mercadovivoagroecologia.cl\/wprod\/wp-json\/wp\/v2\/types\/product"}],"replies":[{"embeddable":true,"href":"https:\/\/mercadovivoagroecologia.cl\/wprod\/wp-json\/wp\/v2\/comments?post=103477"}],"version-history":[{"count":1,"href":"https:\/\/mercadovivoagroecologia.cl\/wprod\/wp-json\/wp\/v2\/product\/103477\/revisions"}],"predecessor-version":[{"id":103478,"href":"https:\/\/mercadovivoagroecologia.cl\/wprod\/wp-json\/wp\/v2\/product\/103477\/revisions\/103478"}],"wp:featuredmedia":[{"embeddable":true,"href":"https:\/\/mercadovivoagroecologia.cl\/wprod\/wp-json\/wp\/v2\/media\/98470"}],"wp:attachment":[{"href":"https:\/\/mercadovivoagroecologia.cl\/wprod\/wp-json\/wp\/v2\/media?parent=103477"}],"wp:term":[{"taxonomy":"product_brand","embeddable":true,"href":"https:\/\/mercadovivoagroecologia.cl\/wprod\/wp-json\/wp\/v2\/product_brand?post=103477"},{"taxonomy":"product_cat","embeddable":true,"href":"https:\/\/mercadovivoagroecologia.cl\/wprod\/wp-json\/wp\/v2\/product_cat?post=103477"},{"taxonomy":"product_tag","embeddable":true,"href":"https:\/\/mercadovivoagroecologia.cl\/wprod\/wp-json\/wp\/v2\/product_tag?post=103477"}],"curies":[{"name":"wp","href":"https:\/\/api.w.org\/{rel}","templated":true}]}}