{"id":103342,"date":"2025-04-16T03:53:27","date_gmt":"2025-04-16T03:53:27","guid":{"rendered":"https:\/\/mercadovivoagroecologia.cl\/wprod\/?post_type=product&#038;p=103342"},"modified":"2026-03-27T13:47:29","modified_gmt":"2026-03-27T13:47:29","slug":"purple-sprouting-broccoli-fp","status":"publish","type":"product","link":"https:\/\/mercadovivoagroecologia.cl\/wprod\/producto\/purple-sprouting-broccoli-fp\/","title":{"rendered":"Purple Sprouting Broccoli FP"},"content":{"rendered":"<p>Esta novedosa variedad, destaca por producir peque\u00f1as cabezas de br\u00f3coli color morado oscuro, las cuales a medida que se cortan, vuelven a crecer muchas mas, pudiendo producir hasta 1 kilo por planta.<\/p>\n<p>En alg\u00fan momento fue llamado br\u00f3coli esp\u00e1rrago, debido a su habito de crecimiento.<\/p>\n<p>Pertenece a la familia de los repollo, la coliflor, el colinabo y la col de Bruselas.<\/p>\n<p>Prefiere climas fr\u00edos, pudiendo soportar hasta -5\u00b0.<\/p>\n<p>&nbsp;<\/p>\n","protected":false},"excerpt":{"rendered":"<p><strong>Nombre cient\u00edfico:<\/strong> Brassica oleracea var. italica<\/p>\n<p><strong>Familia: <\/strong>Brassicaceae<\/p>\n<p><strong>Siembra: <\/strong>Marzo a Junio<\/p>\n<p><strong>Cantidad de semillas: <\/strong>0.1 gr por sobre<\/p>\n","protected":false},"featured_media":103338,"comment_status":"open","ping_status":"closed","template":"","meta":[],"product_brand":[],"product_cat":[155],"product_tag":[],"class_list":{"0":"post-103342","1":"product","2":"type-product","3":"status-publish","4":"has-post-thumbnail","6":"product_cat-sobres-en-formato-economico","8":"first","9":"instock","10":"taxable","11":"shipping-taxable","12":"purchasable","13":"product-type-simple"},"jetpack_sharing_enabled":true,"_links":{"self":[{"href":"https:\/\/mercadovivoagroecologia.cl\/wprod\/wp-json\/wp\/v2\/product\/103342","targetHints":{"allow":["GET"]}}],"collection":[{"href":"https:\/\/mercadovivoagroecologia.cl\/wprod\/wp-json\/wp\/v2\/product"}],"about":[{"href":"https:\/\/mercadovivoagroecologia.cl\/wprod\/wp-json\/wp\/v2\/types\/product"}],"replies":[{"embeddable":true,"href":"https:\/\/mercadovivoagroecologia.cl\/wprod\/wp-json\/wp\/v2\/comments?post=103342"}],"version-history":[{"count":1,"href":"https:\/\/mercadovivoagroecologia.cl\/wprod\/wp-json\/wp\/v2\/product\/103342\/revisions"}],"predecessor-version":[{"id":103343,"href":"https:\/\/mercadovivoagroecologia.cl\/wprod\/wp-json\/wp\/v2\/product\/103342\/revisions\/103343"}],"wp:featuredmedia":[{"embeddable":true,"href":"https:\/\/mercadovivoagroecologia.cl\/wprod\/wp-json\/wp\/v2\/media\/103338"}],"wp:attachment":[{"href":"https:\/\/mercadovivoagroecologia.cl\/wprod\/wp-json\/wp\/v2\/media?parent=103342"}],"wp:term":[{"taxonomy":"product_brand","embeddable":true,"href":"https:\/\/mercadovivoagroecologia.cl\/wprod\/wp-json\/wp\/v2\/product_brand?post=103342"},{"taxonomy":"product_cat","embeddable":true,"href":"https:\/\/mercadovivoagroecologia.cl\/wprod\/wp-json\/wp\/v2\/product_cat?post=103342"},{"taxonomy":"product_tag","embeddable":true,"href":"https:\/\/mercadovivoagroecologia.cl\/wprod\/wp-json\/wp\/v2\/product_tag?post=103342"}],"curies":[{"name":"wp","href":"https:\/\/api.w.org\/{rel}","templated":true}]}}