{"id":103329,"date":"2025-04-16T03:47:05","date_gmt":"2025-04-16T03:47:05","guid":{"rendered":"https:\/\/mercadovivoagroecologia.cl\/wprod\/?post_type=product&#038;p=103329"},"modified":"2026-04-10T17:24:15","modified_gmt":"2026-04-10T17:24:15","slug":"capuchina-o-espuela-de-galan-fp","status":"publish","type":"product","link":"https:\/\/mercadovivoagroecologia.cl\/wprod\/producto\/capuchina-o-espuela-de-galan-fp\/","title":{"rendered":"Capuchina o Espuela de gal\u00e1n FP"},"content":{"rendered":"<p>Es una planta muy conocida en los jardines y que tiene diferentes usos, ya sea como medicinal, para aliviar problemas respiratorios, tiene fines culinarios, ya que sus hojas y flores tienen excelente sabor para acompa\u00f1ar, comidas, postres y ensaladas, adem\u00e1s sus semillas cuando est\u00e1n vendes, se puede encurtir y tienen un sabor similar a las alcaparras.<\/p>\n<p>Tambi\u00e9n es ornamental y se puede plantar como cubre suelos.<\/p>\n<p>&nbsp;<\/p>\n<p>&nbsp;<\/p>\n","protected":false},"excerpt":{"rendered":"<p><strong>Nombre Cient\u00edfico: <\/strong>Tropaeolum majus<\/p>\n<p><strong>Familia: <\/strong>Tropaeolaceae<\/p>\n<p><strong>Siembra: <\/strong>Oto\u00f1o y Primavera<\/p>\n<p><strong>Cantidad de semillas: <\/strong>5\u00a0por sobre<\/p>\n","protected":false},"featured_media":103324,"comment_status":"open","ping_status":"closed","template":"","meta":[],"product_brand":[],"product_cat":[155],"product_tag":[],"class_list":{"0":"post-103329","1":"product","2":"type-product","3":"status-publish","4":"has-post-thumbnail","6":"product_cat-sobres-en-formato-economico","8":"first","9":"instock","10":"taxable","11":"shipping-taxable","12":"purchasable","13":"product-type-simple"},"jetpack_sharing_enabled":true,"_links":{"self":[{"href":"https:\/\/mercadovivoagroecologia.cl\/wprod\/wp-json\/wp\/v2\/product\/103329","targetHints":{"allow":["GET"]}}],"collection":[{"href":"https:\/\/mercadovivoagroecologia.cl\/wprod\/wp-json\/wp\/v2\/product"}],"about":[{"href":"https:\/\/mercadovivoagroecologia.cl\/wprod\/wp-json\/wp\/v2\/types\/product"}],"replies":[{"embeddable":true,"href":"https:\/\/mercadovivoagroecologia.cl\/wprod\/wp-json\/wp\/v2\/comments?post=103329"}],"version-history":[{"count":1,"href":"https:\/\/mercadovivoagroecologia.cl\/wprod\/wp-json\/wp\/v2\/product\/103329\/revisions"}],"predecessor-version":[{"id":103330,"href":"https:\/\/mercadovivoagroecologia.cl\/wprod\/wp-json\/wp\/v2\/product\/103329\/revisions\/103330"}],"wp:featuredmedia":[{"embeddable":true,"href":"https:\/\/mercadovivoagroecologia.cl\/wprod\/wp-json\/wp\/v2\/media\/103324"}],"wp:attachment":[{"href":"https:\/\/mercadovivoagroecologia.cl\/wprod\/wp-json\/wp\/v2\/media?parent=103329"}],"wp:term":[{"taxonomy":"product_brand","embeddable":true,"href":"https:\/\/mercadovivoagroecologia.cl\/wprod\/wp-json\/wp\/v2\/product_brand?post=103329"},{"taxonomy":"product_cat","embeddable":true,"href":"https:\/\/mercadovivoagroecologia.cl\/wprod\/wp-json\/wp\/v2\/product_cat?post=103329"},{"taxonomy":"product_tag","embeddable":true,"href":"https:\/\/mercadovivoagroecologia.cl\/wprod\/wp-json\/wp\/v2\/product_tag?post=103329"}],"curies":[{"name":"wp","href":"https:\/\/api.w.org\/{rel}","templated":true}]}}