{"id":102891,"date":"2024-06-18T18:15:52","date_gmt":"2024-06-18T18:15:52","guid":{"rendered":"https:\/\/mercadovivoagroecologia.cl\/wprod\/?post_type=product&#038;p=102891"},"modified":"2026-03-27T13:24:45","modified_gmt":"2026-03-27T13:24:45","slug":"aji-jalapeno","status":"publish","type":"product","link":"https:\/\/mercadovivoagroecologia.cl\/wprod\/producto\/aji-jalapeno\/","title":{"rendered":"Aj\u00ed Jalape\u00f1o"},"content":{"rendered":"<p>Es de origen Mexicano, donde se cultivan mas de 6000 hect\u00e1reas.<\/p>\n<p>Parte mayor de la producci\u00f3n se destina al secado, donde pasa a conocerse como \u00abChile Chipotle\u00bb.<\/p>\n<p>El fruto madura de verde, a un rojo oscuro con rayas verticales, es carnoso y bien arom\u00e1tico.<\/p>\n<p>Principalmente se consume es su estado verde.<\/p>\n<p>Es de picor suave, y este depende mucho de las condiciones de cultivo y de la semilla.<\/p>\n<p>&nbsp;<\/p>\n<p>&nbsp;<\/p>\n","protected":false},"excerpt":{"rendered":"<p><strong>Nombre Cient\u00edfico<\/strong>: Capsicum\u00a0annuum<\/p>\n<p><strong>Familia:<\/strong> Solanaceae<\/p>\n<p><strong>Siembra:<\/strong> Primavera<\/p>\n<p><strong>Cantidad:<\/strong> 35 semillas por sobre<\/p>\n<p><strong>Otros nombres:<\/strong> Chile Jalape\u00f1o o Chile Cuaresme\u00f1o<\/p>\n<p><strong>Escala de Scoville: <\/strong>3500 y 3600\u00a0SHU<\/p>\n<p>&nbsp;<\/p>\n","protected":false},"featured_media":102883,"comment_status":"open","ping_status":"closed","template":"","meta":[],"product_brand":[],"product_cat":[161],"product_tag":[],"class_list":{"0":"post-102891","1":"product","2":"type-product","3":"status-publish","4":"has-post-thumbnail","6":"product_cat-aji","8":"first","9":"outofstock","10":"taxable","11":"shipping-taxable","12":"purchasable","13":"product-type-simple"},"jetpack_sharing_enabled":true,"_links":{"self":[{"href":"https:\/\/mercadovivoagroecologia.cl\/wprod\/wp-json\/wp\/v2\/product\/102891","targetHints":{"allow":["GET"]}}],"collection":[{"href":"https:\/\/mercadovivoagroecologia.cl\/wprod\/wp-json\/wp\/v2\/product"}],"about":[{"href":"https:\/\/mercadovivoagroecologia.cl\/wprod\/wp-json\/wp\/v2\/types\/product"}],"replies":[{"embeddable":true,"href":"https:\/\/mercadovivoagroecologia.cl\/wprod\/wp-json\/wp\/v2\/comments?post=102891"}],"version-history":[{"count":1,"href":"https:\/\/mercadovivoagroecologia.cl\/wprod\/wp-json\/wp\/v2\/product\/102891\/revisions"}],"predecessor-version":[{"id":102892,"href":"https:\/\/mercadovivoagroecologia.cl\/wprod\/wp-json\/wp\/v2\/product\/102891\/revisions\/102892"}],"wp:featuredmedia":[{"embeddable":true,"href":"https:\/\/mercadovivoagroecologia.cl\/wprod\/wp-json\/wp\/v2\/media\/102883"}],"wp:attachment":[{"href":"https:\/\/mercadovivoagroecologia.cl\/wprod\/wp-json\/wp\/v2\/media?parent=102891"}],"wp:term":[{"taxonomy":"product_brand","embeddable":true,"href":"https:\/\/mercadovivoagroecologia.cl\/wprod\/wp-json\/wp\/v2\/product_brand?post=102891"},{"taxonomy":"product_cat","embeddable":true,"href":"https:\/\/mercadovivoagroecologia.cl\/wprod\/wp-json\/wp\/v2\/product_cat?post=102891"},{"taxonomy":"product_tag","embeddable":true,"href":"https:\/\/mercadovivoagroecologia.cl\/wprod\/wp-json\/wp\/v2\/product_tag?post=102891"}],"curies":[{"name":"wp","href":"https:\/\/api.w.org\/{rel}","templated":true}]}}