{"id":102185,"date":"2024-03-16T01:35:40","date_gmt":"2024-03-16T01:35:40","guid":{"rendered":"https:\/\/mercadovivoagroecologia.cl\/wprod\/?post_type=product&#038;p=102185"},"modified":"2026-04-11T03:10:38","modified_gmt":"2026-04-11T03:10:38","slug":"semillas-de-passiflora-caerulea-fp","status":"publish","type":"product","link":"https:\/\/mercadovivoagroecologia.cl\/wprod\/producto\/semillas-de-passiflora-caerulea-fp\/","title":{"rendered":"Semillas de Passiflora Caerulea FP"},"content":{"rendered":"<p><em>Otros nombre: Pasionaria, flor de la pasi\u00f3n.<\/em><\/p>\n<p>Planta perenne de crecimiento trepador que puede alcanzar entre 6 a 9 metros de longitud, es muy resistente y puede soportar diversos climas.<\/p>\n<p>Produce hermosas flores muy llamativas y perfectas, cuando la planta est\u00e1 en temporada de floraci\u00f3n, necesita constante riego, en este caso, para mantener mas humedad, podemos poner alg\u00fan tipo de acolchado.<\/p>\n<p>Se puede reproducir por semillas o esquejes en temporada de primavera.<\/p>\n<p>A la Passiflora se le atribuyen propiedades medicinales como calmante y relajante, sobre todo para aliviar casos de ansiedad e insomnio.<\/p>\n<p>&nbsp;<\/p>\n<p>&nbsp;<\/p>\n<p>&nbsp;<\/p>\n","protected":false},"excerpt":{"rendered":"<p><strong>Nombre Cient\u00edfico:<\/strong> Passiflora caerulea<\/p>\n<p><strong>Familia: <\/strong>Pasiflor\u00e1ceas<\/p>\n<p><strong>Siembra: <\/strong>Primavera<\/p>\n<p><strong>Cantidad de semillas: <\/strong>15\u00a0por sobre<\/p>\n","protected":false},"featured_media":97026,"comment_status":"closed","ping_status":"closed","template":"","meta":[],"product_brand":[],"product_cat":[155],"product_tag":[],"class_list":{"0":"post-102185","1":"product","2":"type-product","3":"status-publish","4":"has-post-thumbnail","6":"product_cat-sobres-en-formato-economico","8":"first","9":"instock","10":"taxable","11":"shipping-taxable","12":"purchasable","13":"product-type-simple"},"jetpack_sharing_enabled":true,"_links":{"self":[{"href":"https:\/\/mercadovivoagroecologia.cl\/wprod\/wp-json\/wp\/v2\/product\/102185","targetHints":{"allow":["GET"]}}],"collection":[{"href":"https:\/\/mercadovivoagroecologia.cl\/wprod\/wp-json\/wp\/v2\/product"}],"about":[{"href":"https:\/\/mercadovivoagroecologia.cl\/wprod\/wp-json\/wp\/v2\/types\/product"}],"replies":[{"embeddable":true,"href":"https:\/\/mercadovivoagroecologia.cl\/wprod\/wp-json\/wp\/v2\/comments?post=102185"}],"version-history":[{"count":1,"href":"https:\/\/mercadovivoagroecologia.cl\/wprod\/wp-json\/wp\/v2\/product\/102185\/revisions"}],"predecessor-version":[{"id":102186,"href":"https:\/\/mercadovivoagroecologia.cl\/wprod\/wp-json\/wp\/v2\/product\/102185\/revisions\/102186"}],"wp:featuredmedia":[{"embeddable":true,"href":"https:\/\/mercadovivoagroecologia.cl\/wprod\/wp-json\/wp\/v2\/media\/97026"}],"wp:attachment":[{"href":"https:\/\/mercadovivoagroecologia.cl\/wprod\/wp-json\/wp\/v2\/media?parent=102185"}],"wp:term":[{"taxonomy":"product_brand","embeddable":true,"href":"https:\/\/mercadovivoagroecologia.cl\/wprod\/wp-json\/wp\/v2\/product_brand?post=102185"},{"taxonomy":"product_cat","embeddable":true,"href":"https:\/\/mercadovivoagroecologia.cl\/wprod\/wp-json\/wp\/v2\/product_cat?post=102185"},{"taxonomy":"product_tag","embeddable":true,"href":"https:\/\/mercadovivoagroecologia.cl\/wprod\/wp-json\/wp\/v2\/product_tag?post=102185"}],"curies":[{"name":"wp","href":"https:\/\/api.w.org\/{rel}","templated":true}]}}