{"id":101481,"date":"2023-12-22T20:07:02","date_gmt":"2023-12-22T20:07:02","guid":{"rendered":"https:\/\/mercadovivoagroecologia.cl\/wprod\/?post_type=product&#038;p=101481"},"modified":"2025-12-17T14:23:46","modified_gmt":"2025-12-17T14:23:46","slug":"pesebre-a-crochet-pequeno-con-piso","status":"publish","type":"product","link":"https:\/\/mercadovivoagroecologia.cl\/wprod\/producto\/pesebre-a-crochet-pequeno-con-piso\/","title":{"rendered":"Pesebre a crochet mediano con base modelo 1"},"content":{"rendered":"","protected":false},"excerpt":{"rendered":"<p>&#x1f338; Material crochet.<br \/>\n&#x1f338; Sin costuras.<br \/>\n&#x1f338; Hipoalerg\u00e9nico.<br \/>\n&#x1f338; Altura: 20 cm.<br \/>\n&#x1f338; Incluye: 1 Mar\u00eda + 1 Jos\u00e9 + 1 ni\u00f1o Jes\u00fas + 1 oveja + 1 burrito + base.<\/p>\n<p>&#x2705;&#xfe0f; Este modelo se puede personalizar. &#x1f9f6;<\/p>\n","protected":false},"featured_media":117305,"comment_status":"closed","ping_status":"closed","template":"","meta":[],"product_brand":[],"product_cat":[149],"product_tag":[],"class_list":{"0":"post-101481","1":"product","2":"type-product","3":"status-publish","4":"has-post-thumbnail","6":"product_cat-pesebres-a-crochet-pequenos","8":"first","9":"instock","10":"taxable","11":"shipping-taxable","12":"purchasable","13":"product-type-simple"},"jetpack_sharing_enabled":true,"_links":{"self":[{"href":"https:\/\/mercadovivoagroecologia.cl\/wprod\/wp-json\/wp\/v2\/product\/101481","targetHints":{"allow":["GET"]}}],"collection":[{"href":"https:\/\/mercadovivoagroecologia.cl\/wprod\/wp-json\/wp\/v2\/product"}],"about":[{"href":"https:\/\/mercadovivoagroecologia.cl\/wprod\/wp-json\/wp\/v2\/types\/product"}],"replies":[{"embeddable":true,"href":"https:\/\/mercadovivoagroecologia.cl\/wprod\/wp-json\/wp\/v2\/comments?post=101481"}],"version-history":[{"count":5,"href":"https:\/\/mercadovivoagroecologia.cl\/wprod\/wp-json\/wp\/v2\/product\/101481\/revisions"}],"predecessor-version":[{"id":117327,"href":"https:\/\/mercadovivoagroecologia.cl\/wprod\/wp-json\/wp\/v2\/product\/101481\/revisions\/117327"}],"wp:featuredmedia":[{"embeddable":true,"href":"https:\/\/mercadovivoagroecologia.cl\/wprod\/wp-json\/wp\/v2\/media\/117305"}],"wp:attachment":[{"href":"https:\/\/mercadovivoagroecologia.cl\/wprod\/wp-json\/wp\/v2\/media?parent=101481"}],"wp:term":[{"taxonomy":"product_brand","embeddable":true,"href":"https:\/\/mercadovivoagroecologia.cl\/wprod\/wp-json\/wp\/v2\/product_brand?post=101481"},{"taxonomy":"product_cat","embeddable":true,"href":"https:\/\/mercadovivoagroecologia.cl\/wprod\/wp-json\/wp\/v2\/product_cat?post=101481"},{"taxonomy":"product_tag","embeddable":true,"href":"https:\/\/mercadovivoagroecologia.cl\/wprod\/wp-json\/wp\/v2\/product_tag?post=101481"}],"curies":[{"name":"wp","href":"https:\/\/api.w.org\/{rel}","templated":true}]}}